when z is divided by (-3)/2*(-858)/99.
5
Let a = 15495 - 15470. Calculate the remainder when 257 is divided by a.
7
What is the remainder when (-6)/(-10) - (-20)/(1300/183261) is divided by 91?
90
Let j = -39 + 41. Suppose -j*x + 11*x = 81. What is the remainder when (5/(-2))/((-1)/8) is divided by x?
2
Suppose 4*f - 216 + 72 = 0. Suppose 261 = 3*l + 18*o, 2*l + 2*o - 488 + 244 = 0. What is the remainder when l is divided by f?
21
Let h = -14590 - -14800. What is the remainder when h is divided by (-14)/(-3)*(-36)/(-14)?
6
Let x(z) = 4*z - 5. Let w = -22 - -31. Suppose 3*j = -4*s - 0*s + 377, -454 = -5*s + 2*j. What is the remainder when s is divided by x(w)?
30
Let y = 1297 + -1250. Calculate the remainder when 1595 is divided by y.
44
Let a = -93 + 93. Let z be (a + (116 - -4) - -2) + 2. Suppose s - 4*m = 6*s - z, 0 = s - 3*m - 40. What is the remainder when s is divided by 8?
4
Let a(w) = -w**2 - 8*w - 13. Let m be a(-5). Suppose 2*c = -3*c + 25, x + m*c - 37 = 0. Let n = 59 - 55. What is the remainder when x is divided by n?
3
Suppose 8*d = -18*d + 5772. Let j = -195 + d. What is the remainder when j is divided by 13?
1
Suppose d - 74 = -d. Let y = 42 - d. Suppose 3*k - y*s - 191 - 5 = 0, -5*s = 25. Calculate the remainder when k is divided by 15.
12
Suppose -3*w = 4*f - 706 - 230, 1531 = 5*w - 3*f. Calculate the remainder when 486 is divided by w.
178
Suppose 0 = 834*b - 835*b + 1073 + 163. What is the remainder when b is divided by 206?
0
Let f(d) = -3*d**3 - 5*d**2 + 2*d - 6. Suppose 21*o + 87 = -8*o. What is the remainder when f(o) is divided by 18?
6
What is the remainder when 4451 is divided by 2 - (1259/(-6) + (708/72)/(-59))?
211
Suppose -4*m + 74 = -62. Suppose m*s = 29*s + 605. Suppose -126*p + 60 = -s*p. Calculate the remainder when p is divided by 8.
4
Let p be (-3)/(6*5/100). What is the remainder when (-48)/12 + 32/1 is divided by (-1 - 8/(-6))*(p - -55)?
13
Let d(r) = 52*r. Let v(w) = -w + 1. Let l = -16 + 15. Let a(b) = l*d(b) - 39*v(b). Calculate the remainder when a(-6) is divided by 12.
3
Let i(p) = -13*p**2 + 961*p + 116. Calculate the remainder when i(74) is divided by 41.
1
Let g(o) = o**3 - 37*o**2 - 41*o + 1530. Calculate the remainder when 727 is divided by g(37).
12
Let s(k) = k**2 - 2*k - 16. Suppose 40*m + 297 = 3*c + 37*m, 0 = 5*c - 3*m - 483. What is the remainder when c is divided by s(7)?
17
Suppose -4*l + 3777 = -5*g, -41*l + 39*l - g + 1899 = 0. Suppose 941*d + 21 = l*d. What is the remainder when 238 is divided by d?
1
Suppose 2*r + 3 - 11 = 0. Suppose -r = -77*q + 76*q. Calculate the remainder when 81/(-3 + q)*1 is divided by 17.
13
Let l(y) = 36*y - 204. Let f be l(9). Suppose -4*c - f = -4*w, 14*w + 87 = 17*w - 2*c. What is the remainder when 321 is divided by w?
24
Suppose 2*f - 2732 = -3*j, 0 = 5*j + 130 - 160. What is the remainder when f is divided by 22?
15
Suppose 2*j - 5*x + 10 = -0*x, j + 15 = 5*x. Suppose f - 5*k - 46 = 0, 5*f - 2*f = -j*k + 38. What is the remainder when 81 is divided by f?
18
Let w = 3675 + -3053. Calculate the remainder when w is divided by 607.
15
Calculate the remainder when 4047 is divided by (16/2)/((-58)/(-667)).
91
Suppose -5*w = l - 1248, 0 = -w + 4*w - 4*l - 735. Suppose n - 36 - w = 0. Suppose -2*r - 89 = -n. Calculate the remainder when r is divided by 25.
23
Let g be 9/24 - ((-1078)/(-16) + -1). Let x = g - 4. Let t = x - -89. What is the remainder when 54 is divided by t?
16
Let k(d) = d**3 - 75*d**2 + 14*d - 1002. Suppose p = -3*p + 2*x + 56, 5*p + 3*x - 81 = 0. Calculate the remainder when k(75) is divided by p.
3
Let h(k) = -93*k - 7. Let y be 4 - (-3)/(15/(-25)). Let i(z) = -2*z + 3. Calculate the remainder when h(y) is divided by i(-6).
11
Let j(s) = -15*s**2 - 115*s - 66. Calculate the remainder when 1034 is divided by j(-7).
2
Let w(x) = 238*x**2 + 92*x - 91. What is the remainder when 485 is divided by w(1)?
7
Let s = -20947 - -21002. Calculate the remainder when s is divided by -2 + -1*10/(-1).
7
What is the remainder when 294 is divided by -7 - 1*1/(0 - 3/867)?
12
Let s = -5589 + 5636. What is the remainder when 184 is divided by s?
43
Let v = 275 + 141. Let n = v - 382. Calculate the remainder when 64 is divided by n.
30
Suppose -43*v = -45*v + 4. Suppose v*a + 32 = -q + 66, 0 = 5*a + q - 85. Calculate the remainder when 252 is divided by a.
14
Let j(p) = 65 - 5*p + 70 - 35. What is the remainder when 382 is divided by j(13)?
32
Let o(i) = -3*i**3 - 2*i**2 - 3*i - 5. Calculate the remainder when 2139 is divided by o(-3).
62
Suppose 23520 = 19*p + 23*p. Suppose -5*l = -2*l + 5*c - 565, -4*c = 3*l - p. Calculate the remainder when l is divided by 37.
32
Let r = -120 - -124. Suppose -5*n + 2*d + 201 = 38, 0 = 4*n - r*d - 128. Calculate the remainder when n is divided by 5.
3
What is the remainder when 322 is divided by 121 + (6 - ((-151)/(-17) - (-88)/748))?
86
Calculate the remainder when 476 is divided by 229 + (18/3 - 14)*-1.
2
Let n(q) = -38*q - 1831. Calculate the remainder when n(-84) is divided by 27.
11
Suppose -2*a + 3*k = -369, 2*a + 6*k - 381 = 5*k. Suppose 0 = 3*o - 3*p - a, -3*o + 188 = 6*p - 10*p. Calculate the remainder when o is divided by 18.
10
Let n be (-2)/(-6)*(-2 - 1). Let d be (1*n)/(29/203). Let k = d + 52. Calculate the remainder when 130 is divided by k.
40
Suppose 259*k = -m + 264*k + 55, 3*k + 257 = 7*m. Calculate the remainder when m is divided by 4/(-6) + (-16)/(-6).
1
Let s = -7759 - -7941. Calculate the remainder when 371 is divided by s.
7
Suppose 13462 = 721*g - 18262. Let k = 70 - 37. Calculate the remainder when g is divided by k.
11
Let a = 150 + -140. Suppose 4*p = 8, 5*p - 137 - 69 = -4*m. What is the remainder when m is divided by a?
9
Let y = 10 + 9. Let l(f) = -2*f + y - 2*f - 33. What is the remainder when l(-14) is divided by 15?
12
Let d = -15 - -20. Suppose -4*j = 5*p - 166, -p - 108 - 114 = -5*j. Let a = j + d. Calculate the remainder when a is divided by 17.
15
Let q(o) = 2*o**2 + 7*o + 6. Let s = 47 - 50. Let c be q(s). Suppose -258 = -2*k - 2*z, 4*z = c*k + 199 - 586. Calculate the remainder when k is divided by 26.
25
Let z be 3746/9 + (-38)/171. Suppose 3*g - z = -4*d, -2*d - 5*g = -4*g - 206. Calculate the remainder when d is divided by 12.
5
Suppose 9*n = 33 - 96. Calculate the remainder when 140 is divided by (192/28)/(n/(-49)).
44
Let n = 142 - 14. Suppose 3*c = 2*i - 129, 29*c = 2*i + 28*c - 135. What is the remainder when n is divided by i?
59
Let h(k) = k + 7. Let g be h(-5). Let l(i) be the second derivative of 13*i**4/4 - i**3/6 - i**2 - 2*i - 2. Calculate the remainder when l(g) is divided by 31.
28
What is the remainder when 1842 is divided by ((-128)/(-6) + -4)*(-1 - 14/(-8))?
9
Let b(o) = 557*o + 27. Let a(v) = 139*v + 7. Let r(i) = -9*a(i) + 2*b(i). Let t be r(1). Let p = -143 - t. Calculate the remainder when 11 is divided by p.
2
Suppose -215*g - 3010 = -220*g. Let y = g + -550. What is the remainder when 126 is divided by y?
22
Let g(c) = -46*c**3 - c**2 + c + 1. Suppose -5*p + 26*i + 663 = 22*i, -3*p = -2*i - 395. Calculate the remainder when p is divided by g(-1).
37
Suppose 2*j - 2*t - 6 = -4*t, -j + t = -3. Suppose 780 = -7*n + 16*n + 11*n. Calculate the remainder when n is divided by j.
0
Suppose 5*p + 2*p = 1400. Let f = 281 - p. What is the remainder when (3 - f/21)*-21 is divided by 6?
0
Let z = -296 + 304. Suppose n = z*n - 175. What is the remainder when 171 is divided by n?
21
Suppose 0 = 4*b - 31 - 17. Let c(p) be the second derivative of p**4/12 + 3*p**3 + 12*p**2 - 24*p. What is the remainder when c(-19) is divided by b?
7
Calculate the remainder when (-4 - -1)*545/654*3428/(-5) is divided by 41.
33
Suppose 3*p - 819 + 1323 = y, 0 = -2*y - p + 1071. What is the remainder when y is divided by 32?
19
Let h be (3 + 1)*2/4. Suppose 2*u + h*u - 8 = 0. Suppose 3*l = 2*o + 6 - 49, u*o - 44 = 2*l. Calculate the remainder when o is divided by 13.
10
Let i = -125 - -135. Suppose -275 = i*y - 1515. Calculate the remainder when y is divided by 65.
59
Let n(l) = 3*l - 10. What is the remainder when n(6) is divided by (3*(-4)/12)/((-2)/4)?
0
Let c(t) = 2*t. Let x be c(4). Let s(f) = -2*f**3 + 17*f**2 + 3*f + 7. Calculate the remainder when s(x) is divided by 7.
4
Suppose 5*m + 5*j 